
-20203321030
-15a1417 (base 12) to base 9
-8316261
1306660 (base 7) to base 14
461a0
What is -24305042 (base 6) in base 16?
-bc372
-7d5a9 (base 16) to base 8
-1752651
What is 182b1 (base 15) in base 12?
39341
Convert 673b7 (base 14) to base 11.
161195
Convert 6a687 (base 14) to base 10.
259231
What is -320200330 (base 5) in base 7?
-14225366
Convert 1b074 (base 16) to base 5.
12020313
Convert -147ca2 (base 15) to base 12.
-3b7b68
Convert -106805b (base 12) to base 7.
-35361506
What is 10020101112211 (base 3) in base 9?
3211484
Convert 2211311 (base 5) to base 11.
26887
What is -cf4e5f (base 16) in base 7?
-223323242
-231452 (base 6) to base 7
-111551
What is -da3f9d (base 16) in base 12?
-4959339
Convert -220300320031 (base 4) to base 7.
-156554263
Convert -93b239 (base 13) to base 16.
-34abe1
Convert -609946 (base 14) to base 16.
-31a4da
Convert 252340312 (base 6) to base 10.
4880852
What is -202e6 (base 16) in base 5?
-13204224
Convert -1210526 (base 8) to base 9.
-555520
Convert ed29c (base 15) to base 9.
1367203
Convert 4665635 (base 7) to base 8.
2174147
What is -29978 (base 16) in base 11?
-106aa3
Convert -208298 (base 10) to base 11.
-132552
What is 10021020201 (base 3) in base 4?
33231031
What is 31142233 (base 6) in base 8?
3335555
10110110001110001011 (base 2) to base 13
20195a
Convert -1100001011001101110 (base 2) to base 10.
-398958
What is 165b648 (base 13) in base 5?
3322110423
Convert 310312301 (base 4) to base 8.
646661
What is -20367d (base 14) in base 5?
-234211132
What is -2500233 (base 10) in base 8?
-11423211
Convert 21221202200222 (base 3) to base 11.
2427aa9
What is -1a29a6 (base 11) in base 10?
-311328
What is -323124 (base 9) in base 2?
-101111000000101111
Convert 34422350 (base 7) to base 15.
3e8118
Convert -4361b2a (base 12) to base 8.
-60713422
111010001110100100000 (base 2) to base 14
37949a
Convert 464545 (base 12) to base 13.
306224
Convert 7166870 (base 10) to base 12.
24975b2
What is 4617247 (base 8) in base 6?
42505023
-31040202 (base 6) to base 16
-d9b4a
3728829 (base 10) to base 14
6d0c8d
530051 (base 8) to base 6
3435333
What is -344210304 (base 5) in base 3?
-2220221110020
Convert 245032431 (base 7) to base 4.
322310223132
-7743745 (base 8) to base 14
-3c3069
Convert -503718 (base 9) to base 16.
-48c20
What is -2231113302 (base 4) in base 7?
-6015231
Convert -425306 (base 7) to base 6.
-1330042
-145372 (base 8) to base 6
-1040322
Convert -111110000111 (base 2) to base 10.
-3975
What is 122030313 (base 4) in base 9?
173183
Convert -2766b36 (base 12) to base 8.
-35744332
What is -44579 (base 13) in base 12?
-5b8b5
22001000001 (base 3) to base 5
20030234
What is 6cea (base 15) in base 9?
34704
What is 6a459 (base 14) in base 13?
90a48
Convert -102022211010 (base 3) to base 6.
-4440050
552341 (base 6) to base 12
226b1
Convert 135063 (base 10) to base 16.
20f97
Convert -50513115 (base 7) to base 3.
-21220122111200
Convert 11102313312 (base 4) to base 11.
868929
Convert c268a (base 14) to base 3.
212202200010
Convert 2089b5a (base 12) to base 5.
3033430222
Convert 100231330 (base 4) to base 8.
205574
What is 123800 (base 11) in base 16?
2fade
Convert -210110121022212 (base 3) to base 9.
-23417285
c4c5 (base 14) to base 11
23505
What is 369957 (base 11) in base 16?
8e9c1
-1102a02 (base 14) to base 10
-8074810
419012 (base 13) to base 2
101110110011001010001
-3015516 (base 9) to base 8
-6076525
Convert 163110 (base 8) to base 14.
176ac
-1c620b1 (base 13) to base 8
-44051065
-11000101001010101101 (base 2) to base 8
-3051255
What is 23227322 (base 8) in base 3?
100111222121220
-10db9 (base 15) to base 8
-150734
608 (base 15) to base 14
6d0
Convert -254626 (base 14) to base 12.
-518836
What is 7880 (base 9) in base 7?
22656
Convert 136754 (base 9) to base 8.
243412
51895 (base 10) to base 15
1059a
-2200210202200 (base 3) to base 7
-15115653
Convert -93913 (base 12) to base 14.
-50543
Convert 31012240 (base 5) to base 13.
8a2b6
What is -36b58b7 (base 12) in base 3?
-202010001111211
What is 237774 (base 8) in base 9?
134327
-5543a2 (base 12) to base 13
-385b74
What is -2ad70d (base 15) in base 4?
-13321132333
What is 10611 (base 15) in base 14?
14d39
Convert 460530 (base 7) to base 14.
21bc0
What is 173344 (base 13) in base 11?
3655a5
What is -411244 (base 12) in base 15?
-151a07
What is 2122310102 (base 4) in base 13?
192833
What is -1428368 (base 9) in base 6?
-24511012
-884305 (base 10) to base 13
-24c676
11011 (base 7) to base 4
223000
Convert -599578 (base 10) to base 9.
-1113417
Convert -f7b94 (base 16) to base 5.
-224432201
Convert 6e4599 (base 15) to base 11.
2a86850
What is 1da127 (base 14) in base 13?
2b3928
Convert 18113a (base 12) to base 6.
12532514
Convert -12324400 (base 7) to base 4.
-10100113300
Convert 1101000001101000100 (base 2) to base 7.
3425242
What is b81bb (base 14) in base 5?
103214024
Convert -1850989 (base 11) to base 2.
-1011111101001110011000
-61284 (base 9) to base 6
-510421
What is 11220200021022 (base 3) in base 10?
2611475
What is 102121010010 (base 3) in base 16?
37ba5
-354010411 (base 6) to base 5
-3144022344
Convert -aa4c (base 16) to base 2.
-1010101001001100
What is 1b9886 (base 12) in base 13?
143967
Convert 6b675 (base 13) to base 2.
110000000000100011
-123081 (base 13) to base 6
-13154223
Convert -11442424 (base 5) to base 10.
-109114
-6ab474 (base 12) to base 14
-32ab8c
Convert -7ac98 (base 16) to base 15.
-9e041
What is -4030121 (base 5) in base 16?
-fb9b
What is -120214004 (base 6) in base 16?
-227134
-55196 (base 13) to base 7
-1211135
What is -6563075 (base 9) in base 15?
-4998e2
What is 21221303 (base 5) in base 12?
87b0a
Convert 136122 (base 8) to base 16.
bc52
What is 620a5 (base 13) in base 15?
371b5
-12413141 (base 5) to base 4
-132000221
Convert 1100101011000001 (base 2) to base 15.
105a5
Convert a0c3e (base 16) to base 5.
132032434
What is 130154 (base 8) in base 4?
23001230
What is 506219 (base 10) in base 5?
112144334
-11200010012 (base 3) to base 4
-112130210
What is -8192 (base 13) in base 2?
-100010111001000
Convert -71172 (base 11) to base 7.
-612155
Convert 31042441 (base 6) to base 3.
1200022221021
What is 10b7a5b (base 12) in base 13?
890198
-b44c86 (base 13) to base 3
-21220212012110
What is b6b63 (base 12) in base 10?
240123
Convert -2023172 (base 10) to base 12.
-816998
Convert 145372 (base 12) to base 9.
568605
What is -1b98b8 (base 12) in base 15?
-9b482
-bd98b (base 15) to base 11
-381a77
-1011001100000110000001 (base 2) to base 10
-2933121
What is a0220 (base 11) in base 16?
23cf2
What is -61206 (base 10) in base 13?
-21b22
Convert -1cbef (base 16) to base 4.
-130233233
What is 664322 (base 11) in base 7?
12002660
What is 46941a (base 13) in base 16?
1996d2
Convert -101118 (base 10) to base 6.
-2100050
-10123611 (base 7) to base 3
-1121000011020
-13023120 (base 4) to base 14
-aa00
What is -15578a9 (base 11) in base 8?
-12114111
-8138174 (base 9) to base 3
-22011022012111
Convert -7a789b (base 12) to base 9.
-3621102
2a98c3 (base 16) to base 6
135500055
Convert -12000100022 (base 3) to base 6.
-2040442
Convert -146652 (base 12) to base 10.
-343070
953b (base 16) to base 9
57357
Convert -1119150 (base 10) to base 16.
-1113ae
What is -58987 (base 10) in base 7?
-333655
Convert -21022021022111 (base 3) to base 5.
-1443223013
-110011011101100001 (base 2) to base 11
-134403
Convert -849a4 (base 13) to base 8.
-722523
What is -249a79 (base 11) in base 3?
-202000101102
-343250 (base 13) to base 14
-242189
2502dc (base 15) to base 16
1b0bf4
-10203333020 (base 4) to base 8
-4437710
243405135 (base 6) to base 12
16837ab
32213120020 (base 4) to base 3
21012122120011
What is 25802 (base 16) in base 11?
a5449
28b9037 (base 13) to base 2
110001011011100100000000
Convert -2cb0c (base 13) to base 4.
-110311231
Convert 22213004 (base 5) to base 2.
101111100011000010
31062133 (base 7) to base 9
4807224
30430311 (base 6) to base 5
210444130
13616656 (base 7) to base 15
1a4d51
-a005 (base 12) to base 13
-7b38
What is 201002222022 (base 3) in base 8?
1336521
What is 2a527a (base 11) in base 4?
1310011220
Convert 15043110 (base 6) to base 11.
325000
Convert 13653404 (base 7) to base 5.
312244231
1ea25 (base 15) to base 13
36788
What is -11110010111111 (base 2) in bas